t is the value of (3 - -1) + (-32 - (-2 + -3 + -6))?
-17
-40 + 18 - (21 + -34)
-9
16 + -9 + -8 - (0 - -1 - 14)
12
What is the value of 8 - (16 + -27) - 14?
5
What is -29 - 39 - (18 - 58)?
-28
What is -1 + -16 - -1 - (19 + -43)?
8
Calculate -16 - (-1 + (0 - (-18 - -15))).
-18
What is the value of 1 - -8 - 1 - (2 - (-10 - -6))?
2
Calculate -12 + 1 - (-1 + -4 + (-150 - -145)).
-1
Calculate 0 - (-17 - (0 + -10)).
7
Calculate -13 + 10 + (-17 - (-10 - -22)).
-32
What is the value of (11 - 7) + (6 - (-24 + 13))?
21
(1 - 2 - -2) + (43 - 44)
0
Evaluate -33 + (-2 + -13 - -43).
-5
-10 + (-7 - 12 - 0) + 1 + -4
-32
Calculate -10 + (16 - 15) + -1.
-10
Calculate (0 - -2) + (-7 + (3 - -10) - 4).
4
What is 17 + (3 - (-19 + 44))?
-5
61 + -50 - (-7 + -1)
19
Calculate 0 + (6 - 7) - (-4 + 1 + 5).
-3
Evaluate (12 + -1 - -1) + (4 - 10) + 0.
6
What is -19 + 1 + (-8 - -1) + 36 + -31?
-20
Evaluate 5 - 24 - (2 - 13).
-8
What is (-8 - 0) + -7 + (-16 - -22)?
-9
Evaluate -1 + (0 - (17 + 3)).
-21
Evaluate -13 - (22 + -44 + 28).
-19
Evaluate 5 + 31 + -2 + -20.
14
Evaluate -1 + -1 - (-106 - -109).
-5
Calculate (-1 - (0 - 0)) + 21 + -48 + 34.
6
Evaluate 10 - (-10 + (-101 + 108 - (-1 - -5))).
17
22 - 19 - ((-3 - (-5 - 2)) + 7)
-8
What is 11 - (19 + (-7 - -13)) - -29?
15
6 + (-2 - -5 - 2 - (1 + -5))
11
Calculate 17 + -24 - (3 - 1 - -3).
-12
What is the value of -10 + -14 + 1 + (-2 - -7)?
-18
What is the value of (17 - 7) + (-11 + -1 - -4)?
2
16 - (-7 - (-33 + 15 - -14))
19
5 + -13 + 11 - -1 - (0 + -9)
13
-10 + 0 - -16 - (-1 - (-2 + 3))
8
What is the value of -13 + -2 + 28 + -7?
6
Evaluate 1 + -11 + 16 + 1 + -39 + 12.
-20
What is -1 - 1 - (-2 - ((-2 - 9) + 3))?
-8
What is the value of 8 - (15 + 2 + -1) - (-1 - -9)?
-16
What is 5 - (-7 + 12 + 2 + 1)?
-3
Calculate (-273 - -278) + (-1 - 1 - (5 - 21)).
19
Evaluate (-2 - -2) + -1 - (22 + -26 - -8).
-5
What is the value of ((5 - (16 - 8)) + -12 - 5) + 3?
-17
What is 0 - (-12 - -5) - -3 - 6?
4
Evaluate (14 + 1 + -8 - 11) + -3.
-7
What is the value of -13 + -6 + -10 + 18?
-11
Evaluate -6 - 1 - (-3 - (3 + (11 - 28))).
-18
Evaluate -7 + (42 - 25) + 2 + -11.
1
Evaluate -6 + (-4 - (-9 - -4 - 9)) - 8.
-4
What is the value of 28 - (1 - (-8 - (7 - (-10 + 28))))?
30
What is 5925 + -5912 - (-1 - -1 - 12)?
25
Evaluate 20 + (0 - 4) - (-145 + 145).
16
7 - 16 - (12 + -3 + -7)
-11
What is 12 + 2 + -8 + 4 + -4 + 4?
10
What is (-30 - -40) + -2 + -4?
4
Evaluate -21 - (21 + -41 + 20).
-21
What is the value of 8 - (-15 - -21) - (-1 + 2)?
1
(7 - (-23 + 20 - 4)) + 1 + 8
23
Evaluate 6 - (6 + 1 + -12 + 1) - 3.
7
What is 58 + -16 + -8 + -11?
23
32 - 2 - (-27 + 18 - (-16 + -1))
22
Calculate (-9 - -10 - 26 - (2 - 6)) + 4.
-17
(12 - 33) + -15 + 26 + 2
-8
Calculate 3 - (1 - (3 - -3)) - 14.
-6
What is -6 + 4 + 6 + (-4 - -3 - 0)?
3
Evaluate (-12 - 0) + (49 - 39) - (6 - 1).
-7
What is (39 - -1) + -29 - 10?
1
What is (-4 - (9 + -5 - 15)) + -5 + 7?
9
Calculate (0 - 7) + (-9 - -16) + -10.
-10
Evaluate (2 - (12 - 17)) + -16.
-9
What is the value of -15 + (7 - -5) - (0 + -2 + 2)?
-3
Calculate 21 - (69 - (27 + -7)).
-28
(-146 - -138) + 3 + (3 - 1) + -1
-4
What is the value of -2 + 36 + -2 + -33?
-1
Calculate 0 - 30 - (37 + 18 + (-24 - 21)).
-40
What is the value of 3 + -2 + 3 - (-12 + 13 + -8)?
11
3 + -34 - -32 - (-1 - 4)
6
-60 + 41 + -5 - 10
-34
Evaluate 15 + -12 + -11 + -4.
-12
What is (-5 - 7) + 17 + -13?
-8
Evaluate 21 + -20 - -5 - (7 - 2).
1
What is the value of -14 - (9 + (-6 - (5 + (-7 - -10))))?
-9
What is 11 + 9 + (0 + -2 - 6) + -28?
-16
Calculate ((-9 - -3) + (-1 - 0) - 4) + -2.
-13
18 + -8 - (2 + 0)
8
What is (-1 - (3 - 22)) + -4?
14
Calculate -2 + -24 + (-31 + 16 + 13 - -6).
-22
What is the value of 8 + 1 + 5 + (-6 - -2 - -1)?
11
Calculate (-1 - -3) + (44 + -33 - (-4 + 13)).
4
Calculate -8 + 17 + -6 + -2 - (3 + 0).
-2
Evaluate (8 - (-7 + 9)) + 1.
7
Evaluate 11 + -24 + 4 + -2 + (-1 - 5).
-17
25 + (49 - (-19 + 43)) - (10 + 1)
39
Evaluate -18 - (0 - (-7 - -5 - -51)).
31
What is the value of -17 - (0 - (5 - (-3 - -9) - 3))?
-21
Calculate 30 + -15 - (61 + -15).
-31
5 + (-15 - (17 + -17))
-10
(9 - 7) + 5 + 6 - 8 - 16
-11
Calculate 4 + -3 + 4 - (-16 - -19).
2
Evaluate -204 - -195 - (-12 - 0) - (18 + 6).
-21
Evaluate 4 - 8 - (0 - -5) - (72 + -88).
7
462 + -467 + (17 - (1 - 2))
13
What is the value of -187 + 187 + (1 - -7)?
8
Evaluate -5 - (1 + 1 - (2 - (-5 + -2))).
2
What is the value of -6 - (11 + (6 - 17))?
-6
Evaluate -16 - 73 - -95 - (1 - -3).
2
Evaluate 62 + (-52 - 4) + (1 - -5) + 0.
12
Calculate -18 + 75 - 29 - 10.
18
-24 - (-23 + 24 + (2 - 4))
-23
Calculate 4 - (-7 + -4 + -2 + 19 + -14).
12
What is 5 + (0 - (5 - (7 + 1) - 7))?
15
Evaluate 7 + 25 + (-17 - 8).
7
What is -3 + -2 + -1 + -5 + -12 + 23?
0
Calculate -3 - (17 + 11 - 18).
-13
12 + (-8 - -11 - (14 + -9 + -1))
11
Calculate (-20 - -15) + 32 - 18.
9
What is the value of (47 - 62) + (-3 - -7) - -22?
11
(2 - -4 - (11 + -5)) + 2
2
Evaluate (2 - (3 + 5 + -1)) + -2.
-7
Evaluate -19 + (-9 - 16) + 24.
-20
Evaluate (-18 - -4) + 6 + -8 + 35 + 10.
29
What is (-7 - (-13 - 0)) + -14?
-8
Evaluate (1 + 3 - (27 + (27 - 19))) + 6.
-25
What is the value of 2712 - 2719 - (10 - ((0 - -2) + -1))?
-16
What is the value of -6 - -6 - (-27 - -4)?
23
What is -40 - -40 - 1 - (-1 + 3 - -21)?
-24
What is the value of (-1 - 5) + (-22 - 5 - -21)?
-12
What is (-18 + 4 - -12) + (19 - -4)?
21
Calculate (-10 + -2 - (-50 - -34)) + -6 + -1.
-3
Evaluate (24 - 30) + 35 - 12.
17
What is -9 - -2 - (2 - (-13 + 9))?
-13
What is -185 + 179 + 16 + 2 + (-1 - 1)?
10
What is the value of -3 + -14 + (-72 - -74)?
-15
Calculate (4 + -16 + (2 - 0) - -13) + -6.
-3
31 - ((23 - -26) + -29)
11
Calculate 14 + -4 - 4 - 25.
-19
What is (8 - -2) + (40 - 54) + (-10 - -1)?
-13
-36 + 37 + (-1 - (-6 - -9))
-3
Calculate 10 - (11 + -8 + 2).
5
Calculate (9 - 9 - 3) + (-10 - 0).
-13
What is (-1 - (-2 - (-6 - 6 - -6))) + 2?
-3
Evaluate (-26 - (-10 - -3)) + 15 + 10.
6
What is (-121 + 108 - (-2 + 8)) + -11?
-30
Evaluate (10 - 15 - (1 + -4)) + -6.
-8
Calculate (-92 - -105 - (10 - 1)) + -14.
-10
Calculate 8 - (6 + (-10 - (3 + -5))).
10
Calculate (1 - 13) + (43 - (-14 + 37)) + 17.
25
Calculate (-25 - -54) + -28 + (-2 + 0 - -1).
0
What is the value of 19 + 16 + -45 - -30?
20
Evaluate -30 + 42 + (-28 - -43).
27
What is the value of -5 - 0 - 3 - (116 - 127)?
3
Calculate (19 + -4 + -1 - (30 - 18)) + 6.
8
25 + (-8 - -52) + -84
-15
What is (-3 + -16 - -21) + (-11 - 0) - -5?
-4
(4 - (3 - 6) - -3) + -2 + 0
8
What is the value of 31 + -6 + 3 + -32 + 20?
16
4 + -8 + 11 + (1 + 0 - -1)
9
What is the value of 14 - (30 + (-15 - -16))?
-17
-6 - -4 - (5 + (-28 - -13) + 6)
2
What is the value of 6 + 32 - 67 - -35?
6
-2 - (-11 + (20 - 11) + -8) - -14
22
Calculate (-13 - -32) + -13 - 15.
-9
Evaluate -2 + 6 + (-4 - -14) + 1.
15
What is the value of 30 + 16 + (-44 - -21)?
23
What is -4 + 27 + (237 - 242)?
18
What is the value of -1 - (0 - 0 - (-50 - -53)) - -11?
13
What is the value of 2 + (6 + 4 - 5 - (-5 - -7))?
5
-13 - (60 + -56) - (0 - 0 - 2)
-15
What is (15 - (-3 - -31) - -22) + 0 + 0?
9
What is the value of 15 - ((-89 - -83) + 2 + (-3 - -7))?
15
Calculate -1 - -15 - (0 + -2 + 46 + -41).
11
Calculate 23 + (5 + 14 - 19) - (-13 - -2).
34
Evaluate 0 + -7 + (24 - 27).
-10
4 + (-6 - 27) + 37
8
Calculate 8 - (7 + -5 - (8 + -5)).
9
Evaluate 2 + 17 + -9 + 0.
10
-12 + (32 - 14 - (-1 - -20))
-13
Evaluate (26 - -12) + -27 - (9 - (0 - -3)).
5
What is the value of -5 - (10 + -11) - (0 - -1 - 8)?
3
What is -10 - (8 + (-14 - -3) + -12)?
5
Evaluate 5 - ((0 - 10) + 5).
10
What is the value of 0 - (-20 + 26 + 3)?
-9
1 + 20 - (1345 + -1348)
24
(-16 - (-8 - -3)) + -6 + -3 + 1
-19
What is -9 - -1 - (-30 - -46) - (0 + 2)?
-26
What is the value of -8 + -9 + -1 + -121 + 142?
3
Calculate (11 - 42) + 29 - 21.
-23
What is -8 + (-6 - -22 - 15) + (-12 - 0)?
-19
Calculate 10 - (30 + -17) - (1 - (1 + 2)).
-1
What is the value of 11 + -17 - -3 - (-40 - (5 - 5))?
37
Calculate (0 - 2) + (31 - 27) + 4.
6
Evaluate -5 + (-17 - (-20 - -8)).
-10
What is 7 + -9 + (2 - -7) + 0?
7
What is the value of (-9 + 5 + -9 - -19) + -6 + -3?
-3
Calculate (-6 - (-7 - 14)) + -7 - 2.
6
What is 14 + -2 + -9 - 5?
-2
Calculate 21 - (-2 + -3 + -92 + 87).
31
What is the value of -22 + (6 - (10 + -13))?
-13
-36 + (-10 - (44 + -86))
-4
Evaluate -5 - 1 